remainder when 164 is divided by 80.
4
Calculate the remainder when 832 is divided by 49.
48
Calculate the remainder when 949 is divided by 28.
25
What is the remainder when 1546 is divided by 768?
10
Calculate the remainder when 7619 is divided by 1522.
9
What is the remainder when 448 is divided by 15?
13
Calculate the remainder when 823 is divided by 92.
87
What is the remainder when 368 is divided by 37?
35
What is the remainder when 7013 is divided by 14?
13
Calculate the remainder when 1072 is divided by 135.
127
Calculate the remainder when 4142 is divided by 14.
12
What is the remainder when 430 is divided by 88?
78
What is the remainder when 1353 is divided by 4?
1
What is the remainder when 5290 is divided by 108?
106
What is the remainder when 813 is divided by 74?
73
Calculate the remainder when 6287 is divided by 27.
23
Calculate the remainder when 4 is divided by 1.
0
Calculate the remainder when 147 is divided by 66.
15
Calculate the remainder when 95 is divided by 60.
35
What is the remainder when 483 is divided by 97?
95
Calculate the remainder when 828 is divided by 280.
268
What is the remainder when 138 is divided by 5?
3
What is the remainder when 221 is divided by 76?
69
What is the remainder when 3623 is divided by 7?
4
Calculate the remainder when 581 is divided by 65.
61
What is the remainder when 3614 is divided by 5?
4
Calculate the remainder when 74 is divided by 16.
10
What is the remainder when 145 is divided by 13?
2
What is the remainder when 449 is divided by 125?
74
Calculate the remainder when 43389 is divided by 12.
9
Calculate the remainder when 447 is divided by 52.
31
Calculate the remainder when 334 is divided by 62.
24
Calculate the remainder when 947 is divided by 86.
1
What is the remainder when 20541 is divided by 12?
9
What is the remainder when 186 is divided by 17?
16
Calculate the remainder when 1286 is divided by 13.
12
Calculate the remainder when 13 is divided by 8.
5
Calculate the remainder when 25 is divided by 17.
8
Calculate the remainder when 915 is divided by 48.
3
What is the remainder when 197 is divided by 67?
63
What is the remainder when 2138 is divided by 8?
2
Calculate the remainder when 12947 is divided by 33.
11
Calculate the remainder when 92 is divided by 42.
8
What is the remainder when 760 is divided by 6?
4
Calculate the remainder when 91 is divided by 40.
11
Calculate the remainder when 498 is divided by 19.
4
Calculate the remainder when 287 is divided by 21.
14
Calculate the remainder when 317 is divided by 16.
13
Calculate the remainder when 142 is divided by 6.
4
What is the remainder when 639 is divided by 64?
63
Calculate the remainder when 108 is divided by 99.
9
What is the remainder when 8116 is divided by 123?
121
What is the remainder when 1732 is divided by 174?
166
Calculate the remainder when 274 is divided by 69.
67
What is the remainder when 409 is divided by 204?
1
What is the remainder when 45 is divided by 44?
1
What is the remainder when 1355 is divided by 80?
75
What is the remainder when 3417 is divided by 1119?
60
What is the remainder when 844 is divided by 22?
8
Calculate the remainder when 1677 is divided by 84.
81
What is the remainder when 504 is divided by 71?
7
What is the remainder when 361 is divided by 52?
49
What is the remainder when 167 is divided by 32?
7
What is the remainder when 93 is divided by 11?
5
Calculate the remainder when 692 is divided by 7.
6
Calculate the remainder when 102 is divided by 9.
3
What is the remainder when 3037 is divided by 49?
48
Calculate the remainder when 208 is divided by 10.
8
Calculate the remainder when 217 is divided by 32.
25
What is the remainder when 523 is divided by 172?
7
Calculate the remainder when 45 is divided by 36.
9
Calculate the remainder when 332 is divided by 42.
38
What is the remainder when 1315 is divided by 94?
93
What is the remainder when 696 is divided by 98?
10
What is the remainder when 358 is divided by 112?
22
Calculate the remainder when 284 is divided by 59.
48
Calculate the remainder when 36 is divided by 23.
13
What is the remainder when 1245 is divided by 42?
27
What is the remainder when 2009 is divided by 38?
33
What is the remainder when 2100 is divided by 265?
245
Calculate the remainder when 1730 is divided by 351.
326
Calculate the remainder when 1480 is divided by 26.
24
Calculate the remainder when 1099 is divided by 17.
11
What is the remainder when 107 is divided by 41?
25
Calculate the remainder when 1079 is divided by 23.
21
Calculate the remainder when 120 is divided by 41.
38
What is the remainder when 816 is divided by 43?
42
What is the remainder when 128 is divided by 29?
12
What is the remainder when 1810 is divided by 7?
4
What is the remainder when 1158 is divided by 286?
14
What is the remainder when 114 is divided by 15?
9
What is the remainder when 830 is divided by 127?
68
What is the remainder when 6413 is divided by 214?
207
What is the remainder when 73 is divided by 25?
23
Calculate the remainder when 167 is divided by 8.
7
Calculate the remainder when 875 is divided by 30.
5
Calculate the remainder when 745 is divided by 22.
19
What is the remainder when 362 is divided by 94?
80
What is the remainder when 857 is divided by 40?
17
What is the remainder when 47 is divided by 14?
5
Calculate the remainder when 385 is divided by 97.
94
What is the remainder when 245 is divided by 34?
7
Calculate the remainder when 569 is divided by 38.
37
Calculate the remainder when 30 is divided by 11.
8
Calculate the remainder when 1587 is divided by 21.
12
Calculate the remainder when 7224 is divided by 656.
8
Calculate the remainder when 244 is divided by 49.
48
Calculate the remainder when 132 is divided by 27.
24
What is the remainder when 26029 is divided by 190?
189
What is the remainder when 1261 is divided by 27?
19
Calculate the remainder when 963 is divided by 69.
66
What is the remainder when 607 is divided by 18?
13
Calculate the remainder when 256 is divided by 62.
8
What is the remainder when 819 is divided by 320?
179
What is the remainder when 73 is divided by 22?
7
Calculate the remainder when 432 is divided by 55.
47
Calculate the remainder when 9566 is divided by 16.
14
Calculate the remainder when 2162 is divided by 49.
6
What is the remainder when 1425 is divided by 102?
99
Calculate the remainder when 392 is divided by 225.
167
Calculate the remainder when 310 is divided by 107.
96
Calculate the remainder when 3642 is divided by 27.
24
What is the remainder when 181 is divided by 23?
20
What is the remainder when 72 is divided by 15?
12
Calculate the remainder when 72 is divided by 38.
34
Calculate the remainder when 4874 is divided by 41.
36
What is the remainder when 48 is divided by 10?
8
Calculate the remainder when 1946 is divided by 1928.
18
Calculate the remainder when 43 is divided by 41.
2
What is the remainder when 3527 is divided by 1172?
11
Calculate the remainder when 13730 is divided by 126.
122
What is the remainder when 65 is divided by 14?
9
What is the remainder when 50 is divided by 22?
6
What is the remainder when 116 is divided by 36?
8
Calculate the remainder when 138 is divided by 56.
26
Calculate the remainder when 82 is divided by 76.
6
What is the remainder when 6815 is divided by 57?
32
Calculate the remainder when 106 is divided by 54.
52
What is the remainder when 167 is divided by 25?
17
Calculate the remainder when 2878 is divided by 180.
178
Calculate the remainder when 1274 is divided by 25.
24
What is the remainder when 1051 is divided by 27?
25
Calculate the remainder when 3279 is divided by 27.
12
Calculate the remainder when 4154 is divided by 154.
150
Calculate the remainder when 872 is divided by 35.
32
What is the remainder when 100 is divided by 76?
24
What is the remainder when 1272 is divided by 421?
9
What is the remainder when 236 is divided by 39?
2
Calculate the remainder when 1063 is divided by 82.
79
Calculate the remainder when 261 is divided by 30.
21
What is the remainder when 174 is divided by 58?
0
What is the remainder when 261 is divided by 33?
30
Calculate the remainder when 487 is divided by 242.
3
Calculate the remainder when 313 is divided by 77.
5
What is the remainder wh